{"id":25,"date":"2026-03-08T10:54:27","date_gmt":"2026-03-08T09:54:27","guid":{"rendered":"https:\/\/testwp.alexanderfranz.de\/?page_id=25"},"modified":"2026-05-12T16:13:44","modified_gmt":"2026-05-12T14:13:44","slug":"hello-theme-25","status":"publish","type":"page","link":"https:\/\/www.alexanderfranz.de\/","title":{"rendered":"Vorwort"},"content":{"rendered":"\t\t<div data-elementor-type=\"wp-page\" data-elementor-id=\"25\" class=\"elementor elementor-25\">\n\t\t\t\t<div class=\"elementor-element elementor-element-cf95511 e-flex e-con-boxed e-con e-parent\" data-id=\"cf95511\" data-element_type=\"container\" data-e-type=\"container\">\n\t\t\t\t\t<div class=\"e-con-inner\">\n\t\t<div class=\"elementor-element elementor-element-2205a0a e-con-full e-flex e-con e-child\" data-id=\"2205a0a\" data-element_type=\"container\" data-e-type=\"container\">\n\t\t\t\t<div class=\"elementor-element elementor-element-e36f7cd elementor-widget elementor-widget-text-editor\" data-id=\"e36f7cd\" data-element_type=\"widget\" data-e-type=\"widget\" data-widget_type=\"text-editor.default\">\n\t\t\t\t\t\t\t\t\t<h5 style=\"text-align: center;\"><strong>Alexander Franz<\/strong><\/h5><h5 style=\"text-align: center;\">Am liebsten zu Fu\u00df und auf dem Rad.<\/h5><h5 style=\"text-align: center;\">Geschichten von unterwegs.<\/h5>\t\t\t\t\t\t\t\t<\/div>\n\t\t\t\t<\/div>\n\t\t<div class=\"elementor-element elementor-element-fd80ea3 e-con-full e-flex e-con e-child\" data-id=\"fd80ea3\" data-element_type=\"container\" data-e-type=\"container\">\n\t\t\t\t<div class=\"elementor-element elementor-element-d7cc23f elementor-widget elementor-widget-image\" data-id=\"d7cc23f\" data-element_type=\"widget\" data-e-type=\"widget\" data-widget_type=\"image.default\">\n\t\t\t\t\t\t\t\t\t\t\t\t\t\t\t<img decoding=\"async\" width=\"150\" height=\"150\" src=\"https:\/\/www.alexanderfranz.de\/wp-content\/uploads\/2026\/03\/Alex_Vorwort-150x150.jpg\" class=\"attachment-thumbnail size-thumbnail wp-image-572\" alt=\"\" srcset=\"https:\/\/www.alexanderfranz.de\/wp-content\/uploads\/2026\/03\/Alex_Vorwort-150x150.jpg 150w, https:\/\/www.alexanderfranz.de\/wp-content\/uploads\/2026\/03\/Alex_Vorwort.jpg 246w\" sizes=\"(max-width: 150px) 100vw, 150px\" \/>\t\t\t\t\t\t\t\t\t\t\t\t\t\t\t<\/div>\n\t\t\t\t<\/div>\n\t\t\t\t\t<\/div>\n\t\t\t\t<\/div>\n\t\t<div class=\"elementor-element elementor-element-fb2f97a e-con-full e-flex e-con e-parent\" data-id=\"fb2f97a\" data-element_type=\"container\" data-e-type=\"container\">\n\t\t\t\t<div class=\"elementor-element elementor-element-dadeb6c elementor-widget elementor-widget-text-editor\" data-id=\"dadeb6c\" data-element_type=\"widget\" data-e-type=\"widget\" data-widget_type=\"text-editor.default\">\n\t\t\t\t\t\t\t\t\t<h5><strong>Liebe Leserin, lieber Leser,<\/strong><\/h5>\n<h5>nehmen Sie sich einen Moment Zeit und erfahren in diesem Vorwort, was Sie hier im folgenden Blog so alles erwartet.<\/h5>\n<h5>Als Mitglied der Stadtbev\u00f6lkerung besch\u00e4ftige ich mich auch damit, wie Menschen sich in diesem Umfeld gewohnheitsm\u00e4\u00dfig fortbewegen. Das Thema Mobilit\u00e4t spielt in den folgenden Beitr\u00e4gen deshalb eine hervorgehobene Rolle. In meinem Fall war der PKW lange Zeit das\u00a0 dominierende Verkehrsmittel. Die Abh\u00e4ngigkeit dazu reduzierte sich erst mit dem Stadtleben, durch das sich in meinem Lebensumfeld Alternativen bei der Mobilit\u00e4t angeboten haben.<\/h5>\n<h5>Am liebsten bin ich in Straubing sowohl zu Fu\u00df, als auch auf dem Fahrrad unterwegs und weil sich viele meiner Wegstrecken mit dem Rad sehr gut \u00fcberbr\u00fccken lassen, brauchte es nicht mehr allzu viel Ideenreichtum, um es in Kombination mit dem \u00d6PNV auch in Urlausreiseplanungen mit einzubinden.<\/h5>\n<h5>Interessant wirken in Bezug darauf meine Schilderungen zu Radreisen der letzten Jahre. Mit fest montierten Satteltaschen, Reisek\u00fcche, Zelt und Schlafsack am Hinterrad-Gep\u00e4cktr\u00e4ger. Ob vor der eigenen Haust\u00fcre gestartet, oder eben auch per Anreise mit der Bahn, \u00fcber hunderte von Kilometern zum Start der beabsichtigten Tour.<br \/>Auch die ein und andere spannende Geschichte zu Bergsteiger-Abenteuern in Kombination mit dem \u00d6PNV k\u00f6nnen Sie sich hier gerne von mir erz\u00e4hlen lassen. In der Rubrik &#8222;Standpunkt!&#8220; listete ich zudem pers\u00f6nliche Kommentare auf, die mit dem Thema Mobilit\u00e4t oftmals in Zusammenhang stehen. Zum Abschluss stellte ich unter &#8222;Augenblicke in den Bergen&#8220; noch eine Auswahl von Fotos zur\u00fcckliegender Touren zusammen.<\/h5>\n<h5>Nicht ganz unbeabsichtigt blitzt in all den Beitr\u00e4gen ein Quantum Aktivismus auf, mit dem ich Ihr Interesse am bewusst verlangsamten Reiseverhalten, abseits von Automobil und Flugzeug, wecken m\u00f6chte. Bleiben Sie somit auch beim weiterlesen beweglich und begleiten mich ein St\u00fcck weit in meinen Ansichten, Geschichten und Abenteuern auf Reisen.<\/h5>\n<h5>Ich freue mich dar\u00fcber, dass Sie den Weg hier hergefunden haben. Sch\u00f6n, dass Sie hier sind.<\/h5>\n<h5>\u00a0<\/h5>\n<h5>Alexander Franz<\/h5>\t\t\t\t\t\t\t\t<\/div>\n\t\t\t\t<\/div>\n\t\t<div class=\"elementor-element elementor-element-421515a e-con-full e-flex e-con e-parent\" data-id=\"421515a\" data-element_type=\"container\" data-e-type=\"container\">\n\t\t\t\t<div class=\"elementor-element elementor-element-fa962c0 elementor-widget elementor-widget-image\" data-id=\"fa962c0\" data-element_type=\"widget\" data-e-type=\"widget\" data-widget_type=\"image.default\">\n\t\t\t\t\t\t\t\t\t\t\t\t\t\t\t<img decoding=\"async\" width=\"200\" height=\"199\" src=\"https:\/\/www.alexanderfranz.de\/wp-content\/uploads\/2026\/03\/Titel_Blog-Themen-Vorschau.jpg\" class=\"attachment-large size-large wp-image-520\" alt=\"\" srcset=\"https:\/\/www.alexanderfranz.de\/wp-content\/uploads\/2026\/03\/Titel_Blog-Themen-Vorschau.jpg 200w, https:\/\/www.alexanderfranz.de\/wp-content\/uploads\/2026\/03\/Titel_Blog-Themen-Vorschau-150x150.jpg 150w\" sizes=\"(max-width: 200px) 100vw, 200px\" \/>\t\t\t\t\t\t\t\t\t\t\t\t\t\t\t<\/div>\n\t\t\t\t<\/div>\n\t\t<div class=\"elementor-element elementor-element-a61724a e-flex e-con-boxed e-con e-parent\" data-id=\"a61724a\" data-element_type=\"container\" data-e-type=\"container\">\n\t\t\t\t\t<div class=\"e-con-inner\">\n\t\t\t\t<div class=\"elementor-element elementor-element-45d1114 elementor-widget__width-auto elementor-widget elementor-widget-text-editor\" data-id=\"45d1114\" data-element_type=\"widget\" data-e-type=\"widget\" data-widget_type=\"text-editor.default\">\n\t\t\t\t\t\t\t\t\t<h5>Lust zum weiterlesen?<\/h5><h5><a href=\"https:\/\/www.alexanderfranz.de\/?page_id=270\">\u25ba Hier gehts zu den Blog-Beitr\u00e4gen<\/a><\/h5><h5>\u00a0<\/h5><h5>\u00a9 Alexander Franz 2026\u00a0<br \/>Alle Rechte vorbehalten<\/h5>\t\t\t\t\t\t\t\t<\/div>\n\t\t\t\t\t<\/div>\n\t\t\t\t<\/div>\n\t\t\t\t<\/div>\n\t\t","protected":false},"excerpt":{"rendered":"<p>Alexander Franz Am liebsten zu Fu\u00df und auf dem Rad. Geschichten von unterwegs. Liebe Leserin, lieber Leser, nehmen Sie sich einen Moment Zeit und erfahren in diesem Vorwort, was Sie hier im folgenden Blog so alles erwartet. Als Mitglied der Stadtbev\u00f6lkerung besch\u00e4ftige ich mich auch damit, wie Menschen sich in diesem Umfeld gewohnheitsm\u00e4\u00dfig fortbewegen. Das [&hellip;]<\/p>\n","protected":false},"author":1,"featured_media":0,"parent":0,"menu_order":0,"comment_status":"closed","ping_status":"closed","template":"","meta":{"footnotes":""},"class_list":["post-25","page","type-page","status-publish","hentry"],"_links":{"self":[{"href":"https:\/\/www.alexanderfranz.de\/index.php?rest_route=\/wp\/v2\/pages\/25","targetHints":{"allow":["GET"]}}],"collection":[{"href":"https:\/\/www.alexanderfranz.de\/index.php?rest_route=\/wp\/v2\/pages"}],"about":[{"href":"https:\/\/www.alexanderfranz.de\/index.php?rest_route=\/wp\/v2\/types\/page"}],"author":[{"embeddable":true,"href":"https:\/\/www.alexanderfranz.de\/index.php?rest_route=\/wp\/v2\/users\/1"}],"replies":[{"embeddable":true,"href":"https:\/\/www.alexanderfranz.de\/index.php?rest_route=%2Fwp%2Fv2%2Fcomments&post=25"}],"version-history":[{"count":266,"href":"https:\/\/www.alexanderfranz.de\/index.php?rest_route=\/wp\/v2\/pages\/25\/revisions"}],"predecessor-version":[{"id":1245,"href":"https:\/\/www.alexanderfranz.de\/index.php?rest_route=\/wp\/v2\/pages\/25\/revisions\/1245"}],"wp:attachment":[{"href":"https:\/\/www.alexanderfranz.de\/index.php?rest_route=%2Fwp%2Fv2%2Fmedia&parent=25"}],"curies":[{"name":"wp","href":"https:\/\/api.w.org\/{rel}","templated":true}]}}